{"id":1253,"date":"2022-04-01T16:35:21","date_gmt":"2022-04-01T16:35:21","guid":{"rendered":"http:\/\/bajacalifornia.inea.gob.mx\/monae\/?page_id=1253"},"modified":"2022-04-28T20:26:33","modified_gmt":"2022-04-28T20:26:33","slug":"voluntaria","status":"publish","type":"page","link":"http:\/\/bajacalifornia.inea.gob.mx\/monae\/voluntaria\/","title":{"rendered":"Voluntaria"},"content":{"rendered":"\n<div class=\"wp-block-cover alignfull\" style=\"min-height:200px;aspect-ratio:unset;\"><span aria-hidden=\"true\" class=\"has-ast-global-color-4-background-color has-background-dim-100 wp-block-cover__gradient-background has-background-dim\"><\/span><div class=\"wp-block-cover__inner-container is-layout-flow wp-block-cover-is-layout-flow\">\n<h1 class=\"has-black-color has-text-color wp-block-heading\">Participa como voluntario<\/h1>\n\n\n\n<p class=\"has-ast-global-color-1-color has-text-color\">S\u00famate a abatir el rezago educativo<\/p>\n<\/div><\/div>\n\n\n\n<div class=\"wp-block-cover alignfull\" style=\"min-height:796px;aspect-ratio:unset;\"><span aria-hidden=\"true\" class=\"has-ast-global-color-5-background-color has-background-dim-100 wp-block-cover__gradient-background has-background-dim\"><\/span><div class=\"wp-block-cover__inner-container is-layout-flow wp-block-cover-is-layout-flow\">\n<h2 class=\"has-ast-global-color-1-color has-text-color wp-block-heading\">\u00bfQu\u00e9 necesitas?<\/h2>\n\n\n\n<div class=\"wp-block-columns is-layout-flex wp-container-core-columns-is-layout-28f84493 wp-block-columns-is-layout-flex\">\n<div class=\"wp-block-column is-vertically-aligned-top is-layout-flow wp-block-column-is-layout-flow\">\n<figure class=\"wp-block-image size-full is-style-default\"><img loading=\"lazy\" decoding=\"async\" width=\"501\" height=\"501\" src=\"http:\/\/bajacalifornia.inea.gob.mx\/monae\/wp-content\/uploads\/2022\/04\/voluntario-1.png\" alt=\"\" class=\"wp-image-1305\" srcset=\"http:\/\/bajacalifornia.inea.gob.mx\/monae\/wp-content\/uploads\/2022\/04\/voluntario-1.png 501w, http:\/\/bajacalifornia.inea.gob.mx\/monae\/wp-content\/uploads\/2022\/04\/voluntario-1-300x300.png 300w, http:\/\/bajacalifornia.inea.gob.mx\/monae\/wp-content\/uploads\/2022\/04\/voluntario-1-150x150.png 150w\" sizes=\"auto, (max-width: 501px) 100vw, 501px\" \/><\/figure>\n<\/div>\n\n\n\n<div class=\"wp-block-column is-layout-flow wp-block-column-is-layout-flow\">\n<p class=\"has-ast-global-color-1-color has-text-color\">Si eres una persona voluntaria, solo necesitas muchas ganas de aportar y de vivir una experiencia de solidaridad y compromiso con tu comunidad.<\/p>\n\n\n\n<p class=\"has-ast-global-color-1-color has-text-color\">Tu decides cuanto tiempo le dedicas a esta labor, puedes acompa\u00f1ar procesos educativos de personas de tu comunidad, de tu familia, o darte la oportunidad de conocer a otras personas que tambi\u00e9n necesitan de tu apoyo.<\/p>\n\n\n\n<p class=\"has-ast-global-color-1-color has-text-color\">Nosotros te capacitamos, te acompa\u00f1amos y te brindamos todos los materiales que necesitas para realizar esta importante labor.<\/p>\n\n\n\n<p class=\"has-ast-global-color-1-color has-text-color\">Tu colaboraci\u00f3n permitir\u00e1 atender a m\u00e1s de 28 millones de personas que actualmente est\u00e1n en situaci\u00f3n de analfabetismo o que no han iniciado o concluido sus estudios de primaria o secundaria<\/p>\n\n\n\n<h3 class=\"has-ast-global-color-1-color has-text-color wp-block-heading\">Queremos llegar a todas las personas a quienes podamos servir<\/h3>\n\n\n\n<div class=\"wp-block-buttons is-layout-flex wp-block-buttons-is-layout-flex\">\n<div class=\"wp-block-button\"><a class=\"wp-block-button__link\" href=\"http:\/\/bajacalifornia.inea.gob.mx\/monae\/contacto\/\">Cont\u00e1ctanos<\/a><\/div>\n<\/div>\n<\/div>\n<\/div>\n<\/div><\/div>\n\n\n\n<p><\/p>\n","protected":false},"excerpt":{"rendered":"","protected":false},"author":1,"featured_media":0,"parent":0,"menu_order":0,"comment_status":"closed","ping_status":"closed","template":"","meta":{"_uag_custom_page_level_css":"","site-sidebar-layout":"no-sidebar","site-content-layout":"plain-container","ast-global-header-display":"","ast-banner-title-visibility":"","ast-main-header-display":"","ast-hfb-above-header-display":"","ast-hfb-below-header-display":"","ast-hfb-mobile-header-display":"","site-post-title":"disabled","ast-breadcrumbs-content":"disabled","ast-featured-img":"disabled","footer-sml-layout":"","theme-transparent-header-meta":"","adv-header-id-meta":"","stick-header-meta":"","header-above-stick-meta":"","header-main-stick-meta":"","header-below-stick-meta":"","footnotes":""},"class_list":["post-1253","page","type-page","status-publish","hentry"],"uagb_featured_image_src":{"full":false,"thumbnail":false,"medium":false,"medium_large":false,"large":false,"1536x1536":false,"2048x2048":false},"uagb_author_info":{"display_name":"monae_difusion","author_link":"http:\/\/bajacalifornia.inea.gob.mx\/monae\/author\/monae_difusion\/"},"uagb_comment_info":0,"uagb_excerpt":null,"_links":{"self":[{"href":"http:\/\/bajacalifornia.inea.gob.mx\/monae\/wp-json\/wp\/v2\/pages\/1253","targetHints":{"allow":["GET"]}}],"collection":[{"href":"http:\/\/bajacalifornia.inea.gob.mx\/monae\/wp-json\/wp\/v2\/pages"}],"about":[{"href":"http:\/\/bajacalifornia.inea.gob.mx\/monae\/wp-json\/wp\/v2\/types\/page"}],"author":[{"embeddable":true,"href":"http:\/\/bajacalifornia.inea.gob.mx\/monae\/wp-json\/wp\/v2\/users\/1"}],"replies":[{"embeddable":true,"href":"http:\/\/bajacalifornia.inea.gob.mx\/monae\/wp-json\/wp\/v2\/comments?post=1253"}],"version-history":[{"count":24,"href":"http:\/\/bajacalifornia.inea.gob.mx\/monae\/wp-json\/wp\/v2\/pages\/1253\/revisions"}],"predecessor-version":[{"id":1402,"href":"http:\/\/bajacalifornia.inea.gob.mx\/monae\/wp-json\/wp\/v2\/pages\/1253\/revisions\/1402"}],"wp:attachment":[{"href":"http:\/\/bajacalifornia.inea.gob.mx\/monae\/wp-json\/wp\/v2\/media?parent=1253"}],"curies":[{"name":"wp","href":"https:\/\/api.w.org\/{rel}","templated":true}]}}